{"id":14,"date":"2026-04-13T20:11:16","date_gmt":"2026-04-13T20:11:16","guid":{"rendered":"https:\/\/roysnid.com\/?page_id=14"},"modified":"2026-04-13T20:11:16","modified_gmt":"2026-04-13T20:11:16","slug":"kappingar","status":"publish","type":"page","link":"https:\/\/roysnid.com\/?page_id=14","title":{"rendered":"KAPPINGAR"},"content":{"rendered":"\n<h2 class=\"wp-block-heading\"><a href=\"http:\/\/roysnid.com\/kappingar\/\">KAPPINGAR<\/a><\/h2>\n\n\n\n<p>Roysni\u00f0 skipar fyri fleiri kappingum gj\u00f8gnum \u00e1ri\u00f0, ma.&nbsp;<a href=\"http:\/\/roysnid.com\/kappingar\/nyggjarshalvmarathon\/\">N\u00fdggj\u00e1rsh\u00e1lvmarathon,<\/a>&nbsp;<a href=\"http:\/\/roysnid.com\/kappingar\/varkappingin\/\">V\u00e1rkappingina<\/a>&nbsp;og&nbsp;<a href=\"http:\/\/roysnid.com\/kappingar\/runt-agnid\/\">Runt Agni\u00f0<\/a>. Javnan eru stevnurenningar \u00e1 skr\u00e1nni eisini, t.d \u00ed smb. vi\u00f0 Eystanstevnu og Varmakeldu. Onkrar heilsurenningar hevur Roysni\u00f0 eisini sta\u00f0i\u00f0 fyri, og av og \u00e1 kappingar \u00ed fr\u00e6lsum \u00edtr\u00f3tti \u00e1 breytini \u00e1 Svangaskar\u00f0i eisini.<\/p>\n\n\n\n<p>\u00c1&nbsp;<a href=\"http:\/\/www.fif.fo\">heimas\u00ed\u00f0uni hj\u00e1 F\u00cdF<\/a>, s\u00e6st ein listi yvir t\u00fd\u00f0andi kappingar annars innan fr\u00e6lsan \u00edtr\u00f3tt \u00ed F\u00f8royum.&nbsp;<a href=\"https:\/\/calendar.google.com\/calendar\/embed?src=hut6s8reimr590fnnphu18oeqc%40group.calendar.google.com&amp;ctz=Atlantic\/Faroe\">Her er eisini beinlei\u00f0is&nbsp;link til F\u00cdF-kalendaran<\/a>&nbsp;(google)&nbsp;vi\u00f0 ymiskum \u00e1hugaverdum&nbsp;hj\u00e1 teimum sum \u00ed\u00f0ka fr\u00e6lsan \u00edtr\u00f3tt. Hann s\u00e6st eisini herundir \u00ed minni st\u00f8dd.<\/p>\n","protected":false},"excerpt":{"rendered":"<p>KAPPINGAR Roysni\u00f0 skipar fyri fleiri kappingum gj\u00f8gnum \u00e1ri\u00f0, ma.&nbsp;N\u00fdggj\u00e1rsh\u00e1lvmarathon,&nbsp;V\u00e1rkappingina&nbsp;og&nbsp;Runt Agni\u00f0. Javnan eru stevnurenningar \u00e1 skr\u00e1nni eisini, t.d \u00ed smb. vi\u00f0 Eystanstevnu og Varmakeldu. Onkrar heilsurenningar hevur Roysni\u00f0 eisini sta\u00f0i\u00f0 fyri, og av og \u00e1 kappingar \u00ed fr\u00e6lsum \u00edtr\u00f3tti \u00e1 breytini \u00e1 Svangaskar\u00f0i eisini. \u00c1&nbsp;heimas\u00ed\u00f0uni hj\u00e1 F\u00cdF, s\u00e6st ein listi yvir t\u00fd\u00f0andi kappingar annars innan fr\u00e6lsan<\/p>\n","protected":false},"author":1,"featured_media":0,"parent":0,"menu_order":0,"comment_status":"closed","ping_status":"closed","template":"","meta":{"footnotes":""},"class_list":["post-14","page","type-page","status-publish","hentry"],"_links":{"self":[{"href":"https:\/\/roysnid.com\/index.php?rest_route=\/wp\/v2\/pages\/14","targetHints":{"allow":["GET"]}}],"collection":[{"href":"https:\/\/roysnid.com\/index.php?rest_route=\/wp\/v2\/pages"}],"about":[{"href":"https:\/\/roysnid.com\/index.php?rest_route=\/wp\/v2\/types\/page"}],"author":[{"embeddable":true,"href":"https:\/\/roysnid.com\/index.php?rest_route=\/wp\/v2\/users\/1"}],"replies":[{"embeddable":true,"href":"https:\/\/roysnid.com\/index.php?rest_route=%2Fwp%2Fv2%2Fcomments&post=14"}],"version-history":[{"count":1,"href":"https:\/\/roysnid.com\/index.php?rest_route=\/wp\/v2\/pages\/14\/revisions"}],"predecessor-version":[{"id":15,"href":"https:\/\/roysnid.com\/index.php?rest_route=\/wp\/v2\/pages\/14\/revisions\/15"}],"wp:attachment":[{"href":"https:\/\/roysnid.com\/index.php?rest_route=%2Fwp%2Fv2%2Fmedia&parent=14"}],"curies":[{"name":"wp","href":"https:\/\/api.w.org\/{rel}","templated":true}]}}