{"id":25,"date":"2026-04-13T20:16:33","date_gmt":"2026-04-13T20:16:33","guid":{"rendered":"https:\/\/roysnid.com\/?page_id=25"},"modified":"2026-04-13T20:45:04","modified_gmt":"2026-04-13T20:45:04","slug":"sogan","status":"publish","type":"page","link":"https:\/\/roysnid.com\/?page_id=25","title":{"rendered":"S\u00d8GAN"},"content":{"rendered":"\n<p>Roysni\u00f0 var\u00f0 stovna\u00f0 \u00ed 16. januar 1998. At Roysni\u00f0 var\u00f0 stovna\u00f0 t\u00e1 fekk st\u00f3ra \u00e1virkan \u00e1 fr\u00e6lsa \u00edtr\u00f3ttin \u00ed F\u00f8royum. Ta\u00f0 skulu tr\u00fd fel\u00f8g innan \u00e1v\u00edsa \u00edtr\u00f3ttargrein fyri at kunna stovna sersamband, so t\u00e1 Roysni\u00f0 var\u00f0 stovna\u00f0 \u00ed 1998, byrja\u00f0i arbei\u00f0i\u00f0 at leggja lunnar undir F\u00cdF, sum var\u00f0 stovna\u00f0 f\u00fdra \u00e1r seinni \u00ed 2002. S\u00f8lvi Reinert Hansen, sum var ein av stigtakarunum til at stovna Roysni\u00f0, gj\u00f8rdist eisini fyrsti forma\u00f0ur \u00ed F\u00cdF, har hann sat til 2006.<\/p>\n\n\n\n<p>Felagi\u00f0 hvarv eftir n\u00f8kur \u00e1r, og Roysni\u00f0 var \u00ed n\u00f3gv \u00e1r mestsum bert eitt eiti. Flestu \u00ed\u00f0karar \u00far Eysturoynni lima\u00f0u seg inn \u00ed Treysti, umframt at Treysti yvirt\u00f3k ta\u00f0 mesta av virkseminum hj\u00e1 Roysninum. Kortini hava ta\u00f0 alla t\u00ed\u00f0ina veri\u00f0 \u00ed\u00f0karar, sum hava ynskt at umbo\u00f0a Roysni\u00f0.<\/p>\n\n\n\n<p>Men einafer\u00f0 \u00ed 2011 byrja\u00f0i so sm\u00e1tt at l\u00edkjast einum felag aftur, t\u00ed menn og kvinnur kalla\u00f0u til regluligar rennit\u00farar sunnumorgnar. \u00cd byrjanini gekk heldur strilti\u00f0 at menna b\u00f3lkin, men so l\u00ed\u00f0andi hevur kortini gingi\u00f0 r\u00e6tta vegin. Hesir sp\u00edrar fingi\u00f0 vi\u00f0 t\u00ed\u00f0ini so fr\u00e6gt gr\u00f3\u00f0rarfesti, at pr\u00e1ti\u00f0 fall \u00e1 eina endurstovnan av felagnum, sum ikki hev\u00f0i havt a\u00f0alfund \u00ed fleiri \u00e1r.&nbsp; 7. marts 2013 savna\u00f0ust f\u00f3lk, eini 15 \u00ed tali, \u00ed b\u00f3kasavninum vi\u00f0 L\u00f8kin at umr\u00f8\u00f0a m\u00f8guleikan at bl\u00e6sa l\u00edv aftur \u00ed rennifelagi\u00f0. T\u00e1 fundurin var lokin var felagi\u00f0 sett \u00e1 stovn aftur, ein starvsnevnd vi\u00f0 5 limum var sett saman, og n\u00fdggjur litur valdur til felagi\u00f0.<\/p>\n\n\n\n<p>Tey n\u00e6stu \u00e1rini vaks virksemi\u00f0, n\u00fa v\u00f3ru fleiri regluligar venjingar um vikuna, eitt \u00e1v\u00edst ungd\u00f3msarbei\u00f0i byrja\u00f0i \u00e1 rennibreytini \u00e1 Svangaskar\u00f0i og Roysni\u00f0 skipa\u00f0i sj\u00e1lvt aftur fyri n\u00f3gvum kappingum. T\u00e6r mest t\u00fd\u00f0andi verandi N\u00fdggj\u00e1rsh\u00e1lvmarathon, Runt Agni\u00f0, V\u00e1rkappingin \u00ed Runav\u00edk (FM 10km) og fleiri stevnurenningar. Roysni\u00f0 \u00ed\u00f0karir gj\u00f8rdust sera sj\u00f3nligir til rennikappingarnar runt um \u00ed landinum, og partv\u00eds eisini til breytkappingar, serliga hj\u00e1 ungd\u00f3mi. Av og \u00e1 v\u00f3ru eisini onkrar breytkappingar fyriskipa\u00f0ar \u00e1 Svangaskari\u00f0.<\/p>\n\n\n\n<figure class=\"wp-block-image size-full\"><img decoding=\"async\" width=\"600\" height=\"260\" src=\"https:\/\/roysnid.com\/wp-content\/uploads\/2026\/04\/Fyrsta-nevnd-eftir-endurstovnan.jpg\" data-orig-src=\"https:\/\/roysnid.com\/wp-content\/uploads\/2026\/04\/Fyrsta-nevnd-eftir-endurstovnan.jpg\" alt=\"\" class=\"lazyload wp-image-26\" srcset=\"data:image\/svg+xml,%3Csvg%20xmlns%3D%27http%3A%2F%2Fwww.w3.org%2F2000%2Fsvg%27%20width%3D%27600%27%20height%3D%27260%27%20viewBox%3D%270%200%20600%20260%27%3E%3Crect%20width%3D%27600%27%20height%3D%27260%27%20fill-opacity%3D%220%22%2F%3E%3C%2Fsvg%3E\" data-srcset=\"https:\/\/roysnid.com\/wp-content\/uploads\/2026\/04\/Fyrsta-nevnd-eftir-endurstovnan-300x130.jpg 300w, https:\/\/roysnid.com\/wp-content\/uploads\/2026\/04\/Fyrsta-nevnd-eftir-endurstovnan.jpg 600w\" data-sizes=\"auto\" data-orig-sizes=\"(max-width: 600px) 100vw, 600px\" \/><\/figure>\n\n\n\n<p>Tann fyrsta nevndin \u00ed smb. vi\u00f0 endurstovnan var manna\u00f0 av: Marnar Pattinson (forma\u00f0ur), Arnfinn Johannesen (n\u00e6stforma\u00f0ur), Hallbj\u00f8rg Danielsen (skrivari), B\u00fai Uni Jensen og Egil G. Olsen.<\/p>\n\n\n\n<p>25\/2-14 var 2. a\u00f0alfundur eftir endurstovnan, nevndin helt fram, mest sum \u00f3broytt, men n\u00fa st\u00f8rri: Eirikur Joensen, Rani Friang Rasmussen og Johan M. Jacobsen komu upp\u00ed, teir seinastu tveir sum varalimir. Egil f\u00f3r \u00far nevndini.<\/p>\n\n\n\n<p>31\/3-15 var 3. a\u00f0alfundur (nevnd hareftir: Rani F: Rasmussen, Marnar Pattinson, Arnfinn Johannesen, Eirikur Joensen og Julianna Frederiksberg, umframt Johan Medardus og Regin Thomsen sum varalimir) og 23\/2-16 var 4. a\u00f0alfundurin \u00ed n\u00fdggju t\u00ed\u00f0arrokningini (s\u00ed&nbsp;\u2018<a href=\"http:\/\/roysnid.com\/felagid\/nevndin\/\">Nevndin<\/a>\u2018 og s\u00edggji n\u00faverandi nevndarlimir fra febuar 2016).<\/p>\n\n\n\n<p>H\u00f3ast heimsta\u00f0urin hj\u00e1 felagnum er \u00ed Runav\u00edk, so eru venjingarnar&nbsp;b\u00e6\u00f0i \u00ed Runav\u00edk og serliga \u00e1 Toftum \u2013&nbsp;oftast \u00e1 rennibreytini \u00e1 Svangaskar\u00f0i, og av og \u00e1 eisini a\u00f0rasta\u00f0ni \u00ed Eysturoynni.&nbsp;Limatali\u00f0 vaks skj\u00f3tt eftir endustovnanina, og koma teir allasta\u00f0ni fr\u00e1 \u00ed Eysturoynni.<\/p>\n","protected":false},"excerpt":{"rendered":"<p>Roysni\u00f0 var\u00f0 stovna\u00f0 \u00ed 16. januar 1998. At Roysni\u00f0 var\u00f0 stovna\u00f0 t\u00e1 fekk st\u00f3ra \u00e1virkan \u00e1 fr\u00e6lsa \u00edtr\u00f3ttin \u00ed F\u00f8royum. Ta\u00f0 skulu tr\u00fd fel\u00f8g innan \u00e1v\u00edsa \u00edtr\u00f3ttargrein fyri at kunna stovna sersamband, so t\u00e1 Roysni\u00f0 var\u00f0 stovna\u00f0 \u00ed 1998, byrja\u00f0i arbei\u00f0i\u00f0 at leggja lunnar undir F\u00cdF, sum var\u00f0 stovna\u00f0 f\u00fdra \u00e1r seinni \u00ed 2002. S\u00f8lvi<\/p>\n","protected":false},"author":1,"featured_media":0,"parent":22,"menu_order":0,"comment_status":"closed","ping_status":"closed","template":"","meta":{"footnotes":""},"class_list":["post-25","page","type-page","status-publish","hentry"],"_links":{"self":[{"href":"https:\/\/roysnid.com\/index.php?rest_route=\/wp\/v2\/pages\/25","targetHints":{"allow":["GET"]}}],"collection":[{"href":"https:\/\/roysnid.com\/index.php?rest_route=\/wp\/v2\/pages"}],"about":[{"href":"https:\/\/roysnid.com\/index.php?rest_route=\/wp\/v2\/types\/page"}],"author":[{"embeddable":true,"href":"https:\/\/roysnid.com\/index.php?rest_route=\/wp\/v2\/users\/1"}],"replies":[{"embeddable":true,"href":"https:\/\/roysnid.com\/index.php?rest_route=%2Fwp%2Fv2%2Fcomments&post=25"}],"version-history":[{"count":1,"href":"https:\/\/roysnid.com\/index.php?rest_route=\/wp\/v2\/pages\/25\/revisions"}],"predecessor-version":[{"id":27,"href":"https:\/\/roysnid.com\/index.php?rest_route=\/wp\/v2\/pages\/25\/revisions\/27"}],"up":[{"embeddable":true,"href":"https:\/\/roysnid.com\/index.php?rest_route=\/wp\/v2\/pages\/22"}],"wp:attachment":[{"href":"https:\/\/roysnid.com\/index.php?rest_route=%2Fwp%2Fv2%2Fmedia&parent=25"}],"curies":[{"name":"wp","href":"https:\/\/api.w.org\/{rel}","templated":true}]}}