{"id":32,"date":"2026-04-13T20:18:36","date_gmt":"2026-04-13T20:18:36","guid":{"rendered":"https:\/\/roysnid.com\/?page_id=32"},"modified":"2026-04-13T20:43:34","modified_gmt":"2026-04-13T20:43:34","slug":"vidtokur","status":"publish","type":"page","link":"https:\/\/roysnid.com\/?page_id=32","title":{"rendered":"VI\u00d0T\u00d8KUR"},"content":{"rendered":"\n<p>Roysni\u00f0 fylgir standardvi\u00f0t\u00f8kunum hj\u00e1 \u00cdtr\u00f3ttarsamband F\u00f8roya:<\/p>\n\n\n\n<p><a href=\"http:\/\/www.isf.fo\/logir\/standardlogir-fyri-nyggj-itrottafel%c3%b8g\/\">http:\/\/www.isf.fo\/logir\/standardlogir-fyri-nyggj-itrottafel%c3%b8g\/<\/a><\/p>\n","protected":false},"excerpt":{"rendered":"<p>Roysni\u00f0 fylgir standardvi\u00f0t\u00f8kunum hj\u00e1 \u00cdtr\u00f3ttarsamband F\u00f8roya: http:\/\/www.isf.fo\/logir\/standardlogir-fyri-nyggj-itrottafel%c3%b8g\/<\/p>\n","protected":false},"author":1,"featured_media":0,"parent":22,"menu_order":0,"comment_status":"closed","ping_status":"closed","template":"","meta":{"footnotes":""},"class_list":["post-32","page","type-page","status-publish","hentry"],"_links":{"self":[{"href":"https:\/\/roysnid.com\/index.php?rest_route=\/wp\/v2\/pages\/32","targetHints":{"allow":["GET"]}}],"collection":[{"href":"https:\/\/roysnid.com\/index.php?rest_route=\/wp\/v2\/pages"}],"about":[{"href":"https:\/\/roysnid.com\/index.php?rest_route=\/wp\/v2\/types\/page"}],"author":[{"embeddable":true,"href":"https:\/\/roysnid.com\/index.php?rest_route=\/wp\/v2\/users\/1"}],"replies":[{"embeddable":true,"href":"https:\/\/roysnid.com\/index.php?rest_route=%2Fwp%2Fv2%2Fcomments&post=32"}],"version-history":[{"count":1,"href":"https:\/\/roysnid.com\/index.php?rest_route=\/wp\/v2\/pages\/32\/revisions"}],"predecessor-version":[{"id":33,"href":"https:\/\/roysnid.com\/index.php?rest_route=\/wp\/v2\/pages\/32\/revisions\/33"}],"up":[{"embeddable":true,"href":"https:\/\/roysnid.com\/index.php?rest_route=\/wp\/v2\/pages\/22"}],"wp:attachment":[{"href":"https:\/\/roysnid.com\/index.php?rest_route=%2Fwp%2Fv2%2Fmedia&parent=32"}],"curies":[{"name":"wp","href":"https:\/\/api.w.org\/{rel}","templated":true}]}}